{"id":848,"date":"2025-07-29T16:12:45","date_gmt":"2025-07-29T19:12:45","guid":{"rendered":"https:\/\/taglermaq.cl\/logisticmaq\/?page_id=848"},"modified":"2025-07-31T17:28:21","modified_gmt":"2025-07-31T20:28:21","slug":"modula-flexibox","status":"publish","type":"page","link":"https:\/\/taglermaq.cl\/logisticmaq\/modula\/modula-flexibox\/","title":{"rendered":"Modula Flexibox"},"content":{"rendered":"<p>Sistema automatizado de intralog\u00edstica con almacenamiento por cajas, que se adapta f\u00e1cilmente al crecimiento del negocio con la opci\u00f3n de ampliarse sin interrumpir la operativa. Permite gestionar hasta 180 cajas por hora, con una alta capacidad de bodegaje en un espacio muy reducido.<\/p>\n<ul>\n<li>Gestiona hasta 180 cajas por hora.<\/li>\n<li>M\u00e1xima eficiencia y velocidad, ideal para operaciones con alta rotaci\u00f3n de productos y grandes vol\u00famenes de pedidos.<\/li>\n<li>Aprovecha al m\u00e1ximo la altura del almac\u00e9n (hasta 20 m) y mejora la seguridad y comodidad del operario.<\/li>\n<li>Compatible con WMS, robots (AGV\/AMR) y sistemas de picking asistido.<\/li>\n<\/ul>\n<p style=\"margin: 2em 0 0;\"><a style=\"color: #faa21c; font-weight: bold; font-size: 1.3em; text-decoration: underline;\" href=\"https:\/\/player.vimeo.com\/video\/1103257816?autoplay=1\">&gt; Ver Video<\/a><\/p>\n","protected":false},"excerpt":{"rendered":"<p>Sistema automatizado de intralog\u00edstica con almacenamiento por cajas, que se adapta f\u00e1cilmente al crecimiento del negocio con la opci\u00f3n de ampliarse sin interrumpir la operativa. Permite gestionar hasta 180 cajas por hora, con una alta capacidad de bodegaje en un espacio muy reducido. Gestiona hasta 180 cajas por hora. M\u00e1xima eficiencia y velocidad, ideal para [&hellip;]<\/p>\n","protected":false},"author":1,"featured_media":854,"parent":393,"menu_order":0,"comment_status":"closed","ping_status":"closed","template":"page-sectores.php","meta":{"footnotes":""},"class_list":["post-848","page","type-page","status-publish","has-post-thumbnail","hentry"],"acf":[],"_links":{"self":[{"href":"https:\/\/taglermaq.cl\/logisticmaq\/wp-json\/wp\/v2\/pages\/848","targetHints":{"allow":["GET"]}}],"collection":[{"href":"https:\/\/taglermaq.cl\/logisticmaq\/wp-json\/wp\/v2\/pages"}],"about":[{"href":"https:\/\/taglermaq.cl\/logisticmaq\/wp-json\/wp\/v2\/types\/page"}],"author":[{"embeddable":true,"href":"https:\/\/taglermaq.cl\/logisticmaq\/wp-json\/wp\/v2\/users\/1"}],"replies":[{"embeddable":true,"href":"https:\/\/taglermaq.cl\/logisticmaq\/wp-json\/wp\/v2\/comments?post=848"}],"version-history":[{"count":29,"href":"https:\/\/taglermaq.cl\/logisticmaq\/wp-json\/wp\/v2\/pages\/848\/revisions"}],"predecessor-version":[{"id":891,"href":"https:\/\/taglermaq.cl\/logisticmaq\/wp-json\/wp\/v2\/pages\/848\/revisions\/891"}],"up":[{"embeddable":true,"href":"https:\/\/taglermaq.cl\/logisticmaq\/wp-json\/wp\/v2\/pages\/393"}],"wp:featuredmedia":[{"embeddable":true,"href":"https:\/\/taglermaq.cl\/logisticmaq\/wp-json\/wp\/v2\/media\/854"}],"wp:attachment":[{"href":"https:\/\/taglermaq.cl\/logisticmaq\/wp-json\/wp\/v2\/media?parent=848"}],"curies":[{"name":"wp","href":"https:\/\/api.w.org\/{rel}","templated":true}]}}