{"id":11,"date":"2023-02-01T18:48:58","date_gmt":"2023-02-01T18:48:58","guid":{"rendered":"https:\/\/taglermaq.cl\/logisticmaq\/?page_id=11"},"modified":"2023-10-23T14:59:51","modified_gmt":"2023-10-23T17:59:51","slug":"farmaceutica","status":"publish","type":"page","link":"https:\/\/taglermaq.cl\/logisticmaq\/ulma-handling\/farmaceutica\/","title":{"rendered":"Farmac\u00e9utica"},"content":{"rendered":"<p><em>La sensibilidad de los productos del sector farmac\u00e9utico plantea requisitos muy exigentes durante su cadena de valor, inclusive, en su intralog\u00edstica. La eliminaci\u00f3n de errores, la disponibilidad de los productos, as\u00ed como una entrega r\u00e1pida y precisa a sus clientes son de gran importancia ya que todos ellos afectan de forma directa en la salud de las personas.<\/em><\/p>\n<p>Debido a la sensibilidad de los productos farmac\u00e9uticos, como el control de acceso del inventario, almacenamiento a temperatura controlada, seguimiento de productos y estrategias FEFO (First Expires, First Out), la optimizaci\u00f3n de los procesos durante la cadena de valor es la clave.<\/p>\n<p>u\u00b7mind, la suite log\u00edstica de ULMA, permite controlar los productos almacenados, garantizar la trazabilidad y tener visibilidad e informaci\u00f3n en tiempo real.<\/p>\n<p>Gracias a ULMA Handling Systems el sector farmac\u00e9utico ya puede contar con una soluci\u00f3n de\u00a0almacenamiento automatizado\u00a0junto a la tecnolog\u00eda y\u00a0software\u00a0adecuados a las necesidades espec\u00edficas del mismo, optimizando los flujos intralog\u00edsticos. La automatizaci\u00f3n y estandarizaci\u00f3n de los procesos garantizan as\u00ed una mayor seguridad en todos los \u00e1mbitos.<\/p>\n","protected":false},"excerpt":{"rendered":"<p>La sensibilidad de los productos del sector farmac\u00e9utico plantea requisitos muy exigentes durante su cadena de valor, inclusive, en su intralog\u00edstica. La eliminaci\u00f3n de errores, la disponibilidad de los productos, as\u00ed como una entrega r\u00e1pida y precisa a sus clientes son de gran importancia ya que todos ellos afectan de forma directa en la salud [&hellip;]<\/p>\n","protected":false},"author":1,"featured_media":18,"parent":413,"menu_order":0,"comment_status":"closed","ping_status":"closed","template":"page-sectores.php","meta":{"footnotes":""},"class_list":["post-11","page","type-page","status-publish","has-post-thumbnail","hentry"],"acf":[],"_links":{"self":[{"href":"https:\/\/taglermaq.cl\/logisticmaq\/wp-json\/wp\/v2\/pages\/11","targetHints":{"allow":["GET"]}}],"collection":[{"href":"https:\/\/taglermaq.cl\/logisticmaq\/wp-json\/wp\/v2\/pages"}],"about":[{"href":"https:\/\/taglermaq.cl\/logisticmaq\/wp-json\/wp\/v2\/types\/page"}],"author":[{"embeddable":true,"href":"https:\/\/taglermaq.cl\/logisticmaq\/wp-json\/wp\/v2\/users\/1"}],"replies":[{"embeddable":true,"href":"https:\/\/taglermaq.cl\/logisticmaq\/wp-json\/wp\/v2\/comments?post=11"}],"version-history":[{"count":13,"href":"https:\/\/taglermaq.cl\/logisticmaq\/wp-json\/wp\/v2\/pages\/11\/revisions"}],"predecessor-version":[{"id":358,"href":"https:\/\/taglermaq.cl\/logisticmaq\/wp-json\/wp\/v2\/pages\/11\/revisions\/358"}],"up":[{"embeddable":true,"href":"https:\/\/taglermaq.cl\/logisticmaq\/wp-json\/wp\/v2\/pages\/413"}],"wp:featuredmedia":[{"embeddable":true,"href":"https:\/\/taglermaq.cl\/logisticmaq\/wp-json\/wp\/v2\/media\/18"}],"wp:attachment":[{"href":"https:\/\/taglermaq.cl\/logisticmaq\/wp-json\/wp\/v2\/media?parent=11"}],"curies":[{"name":"wp","href":"https:\/\/api.w.org\/{rel}","templated":true}]}}